en 60870 is divided by 102.
78
Calculate the remainder when 14685 is divided by 95.
55
Calculate the remainder when 1181011 is divided by 14.
13
What is the remainder when 47397 is divided by 31?
29
What is the remainder when 50874 is divided by 161?
159
What is the remainder when 117644 is divided by 11?
10
Calculate the remainder when 6276 is divided by 742.
340
What is the remainder when 5202 is divided by 4964?
238
What is the remainder when 28228 is divided by 2027?
1877
What is the remainder when 1279309 is divided by 37?
34
What is the remainder when 73570 is divided by 293?
27
Calculate the remainder when 6539 is divided by 33.
5
What is the remainder when 18594 is divided by 59?
9
Calculate the remainder when 280722 is divided by 57.
54
Calculate the remainder when 858604 is divided by 737.
736
What is the remainder when 407485 is divided by 23?
17
What is the remainder when 18225 is divided by 58?
13
Calculate the remainder when 10545 is divided by 10520.
25
Calculate the remainder when 100114 is divided by 7150.
14
Calculate the remainder when 1455 is divided by 65.
25
Calculate the remainder when 26990 is divided by 52.
2
Calculate the remainder when 1040 is divided by 210.
200
What is the remainder when 15387 is divided by 321?
300
Calculate the remainder when 2000 is divided by 13.
11
What is the remainder when 43514 is divided by 148?
2
What is the remainder when 22062 is divided by 24?
6
Calculate the remainder when 18172 is divided by 457.
349
Calculate the remainder when 40079 is divided by 4452.
11
Calculate the remainder when 2319 is divided by 619.
462
Calculate the remainder when 5004 is divided by 16.
12
Calculate the remainder when 7341 is divided by 308.
257
What is the remainder when 24762 is divided by 12370?
22
What is the remainder when 55129 is divided by 678?
211
What is the remainder when 16228 is divided by 3243?
13
Calculate the remainder when 8868 is divided by 4395.
78
What is the remainder when 451771 is divided by 213?
211
Calculate the remainder when 48832 is divided by 9.
7
Calculate the remainder when 953 is divided by 65.
43
Calculate the remainder when 821532 is divided by 11.
8
What is the remainder when 7517 is divided by 42?
41
What is the remainder when 2022 is divided by 89?
64
Calculate the remainder when 22458 is divided by 22.
18
What is the remainder when 9411 is divided by 37?
13
Calculate the remainder when 21693 is divided by 400.
93
What is the remainder when 37997 is divided by 55?
47
What is the remainder when 10107 is divided by 8?
3
What is the remainder when 128844 is divided by 73?
72
Calculate the remainder when 8799 is divided by 13.
11
Calculate the remainder when 49502 is divided by 83.
34
What is the remainder when 10108 is divided by 477?
91
What is the remainder when 4486345 is divided by 571?
569
Calculate the remainder when 5905 is divided by 1043.
690
What is the remainder when 14494 is divided by 801?
76
Calculate the remainder when 145 is divided by 28.
5
What is the remainder when 7835 is divided by 20?
15
What is the remainder when 13282 is divided by 347?
96
What is the remainder when 5933 is divided by 236?
33
Calculate the remainder when 2388 is divided by 661.
405
What is the remainder when 792741 is divided by 56623?
19
What is the remainder when 2925 is divided by 108?
9
Calculate the remainder when 22783 is divided by 1340.
3
What is the remainder when 65838 is divided by 844?
6
Calculate the remainder when 1186 is divided by 1062.
124
Calculate the remainder when 327 is divided by 202.
125
What is the remainder when 21128 is divided by 1318?
40
What is the remainder when 3907 is divided by 87?
79
What is the remainder when 1139 is divided by 96?
83
What is the remainder when 8894 is divided by 1389?
560
Calculate the remainder when 10384 is divided by 649.
0
Calculate the remainder when 6008 is divided by 86.
74
What is the remainder when 7124 is divided by 3301?
522
Calculate the remainder when 387446 is divided by 50.
46
What is the remainder when 7237 is divided by 79?
48
What is the remainder when 7934 is divided by 723?
704
What is the remainder when 517750 is divided by 799?
797
Calculate the remainder when 75041 is divided by 8322.
143
What is the remainder when 23411 is divided by 7797?
20
Calculate the remainder when 9651 is divided by 301.
19
What is the remainder when 3848 is divided by 759?
53
Calculate the remainder when 1877 is divided by 41.
32
Calculate the remainder when 27874 is divided by 136.
130
What is the remainder when 85900 is divided by 774?
760
What is the remainder when 1029 is divided by 474?
81
Calculate the remainder when 10940 is divided by 5469.
2
Calculate the remainder when 30244 is divided by 213.
211
Calculate the remainder when 95936 is divided by 26.
22
What is the remainder when 21341 is divided by 58?
55
What is the remainder when 5249237 is divided by 2926?
2919
Calculate the remainder when 59802 is divided by 4.
2
What is the remainder when 28799 is divided by 14356?
87
Calculate the remainder when 1193 is divided by 1163.
30
Calculate the remainder when 45432 is divided by 94.
30
Calculate the remainder when 6119 is divided by 10.
9
Calculate the remainder when 145469 is divided by 228.
5
Calculate the remainder when 71291 is divided by 15.
11
What is the remainder when 282925 is divided by 215?
200
What is the remainder when 98446 is divided by 24566?
182
What is the remainder when 851919 is divided by 171?
168
What is the remainder when 4957 is divided by 36?
25
What is the remainder when 486 is divided by 12?
6
Calculate the remainder when 54650 is divided by 13654.
34
What is the remainder when 131695 is divided by 150?
145
Calculate the remainder when 26807038 is divided by 16.
14
What is the remainder when 8491 is divided by 1209?
28
What is the remainder when 52183 is divided by 26?
1
Calculate the remainder when 4533 is divided by 4484.
49
Calculate the remainder when 10171 is divided by 1236.
283
Calculate the remainder when 238 is divided by 19.
10
What is the remainder when 57403 is divided by 113?
112
Calculate the remainder when 51259 is divided by 10223.
144
Calculate the remainder when 38694 is divided by 56.
54
Calculate the remainder when 150332 is divided by 869.
864
Calculate the remainder when 841679 is divided by 315.
314
Calculate the remainder when 551937 is divided by 42455.
22
What is the remainder when 13420 is divided by 207?
172
Calculate the remainder when 18287 is divided by 1137.
95
Calculate the remainder when 1814 is divided by 10.
4
Calculate the remainder when 10771 is divided by 2152.
11
What is the remainder when 540 is divided by 174?
18
What is the remainder when 650338 is divided by 7307?
15
Calculate the remainder when 5683 is divided by 402.
55
Calculate the remainder when 2225848 is divided by 950.
948
Calculate the remainder when 2460 is divided by 26.
16
Calculate the remainder when 29227 is divided by 944.
907
Calculate the remainder when 56094 is divided by 617.
564
Calculate the remainder when 645707 is divided by 21.
20
Calculate the remainder when 45966 is divided by 18.
12
Calculate the remainder when 7410 is divided by 79.
63
What is the remainder when 463883 is divided by 2071?
2050
What is the remainder when 6147 is divided by 875?
22
What is the remainder when 325227 is divided by 108397?
36
What is the remainder when 890903 is divided by 23?
21
Calculate the remainder when 1719 is divided by 819.
81
What is the remainder when 56836 is divided by 74?
4
Calculate the remainder when 2637 is divided by 308.
173
What is the remainder when 29711 is divided by 1431?
1091
Calculate the remainder when 1197 is divided by 140.
77
Calculate the remainder when 1342446 is divided by 678.
6
What is the remainder when 7438 is divided by 2476?
10
Calculate the remainder when 49168 is divided by 12244.
192
What is the remainder when 49838 is divided by 71?
67
Calculate the remainder when 1948 is divided by 942.
64
Calculate the remainder when 29520 is divided by 61.
57
Calculate the remainder when 175678 is divided by 58559.
1
Calculate the remainder when 73897 is divided by 33.
10
What is the remainder when 57812 is divided by 57777?
35
What is the remainder when 261738 is d